tor of 66054?
False
Is 75033 a multiple of 14?
False
Does 10 divide 63435?
False
Is 74720 a multiple of 32?
True
Does 20 divide 19680?
True
Is 9 a factor of 261036?
True
Does 37 divide 33904?
False
Is 579 a factor of 550686?
False
Is 119742 a multiple of 42?
True
Is 18 a factor of 3550894?
False
Is 252333 a multiple of 64?
False
Is 165 a factor of 4812225?
True
Does 49 divide 322126?
True
Is 74 a factor of 149961?
False
Is 6 a factor of 245863?
False
Does 276 divide 16466?
False
Is 7 a factor of 231800?
False
Is 2094180 a multiple of 11?
True
Does 2 divide 432464?
True
Is 69 a factor of 741957?
True
Does 60 divide 1235957?
False
Is 6835 a multiple of 26?
False
Is 52039 a multiple of 16?
False
Does 4 divide 35662?
False
Is 30807 a multiple of 27?
True
Does 92 divide 3627560?
True
Is 9 a factor of 203602?
False
Is 18652354 a multiple of 50?
False
Is 162 a factor of 863622?
True
Is 18 a factor of 64721?
False
Is 32 a factor of 2031885?
False
Does 45 divide 11241760?
False
Does 43 divide 3100511?
False
Is 60 a factor of 59400?
True
Does 248 divide 244475?
False
Is 138 a factor of 2020708?
False
Is 273637 a multiple of 186?
False
Does 14 divide 1629690?
False
Is 26 a factor of 40846?
True
Is 13 a factor of 5946288?
False
Is 257 a factor of 6120198?
True
Is 52240 a multiple of 80?
True
Is 1662976 a multiple of 16?
True
Is 169 a factor of 18043?
False
Is 93 a factor of 7471248?
True
Is 22 a factor of 457161?
False
Does 11 divide 43824?
True
Is 25 a factor of 619580?
False
Is 410 a factor of 185320?
True
Is 1335803 a multiple of 17?
False
Is 2205275 a multiple of 59?
False
Does 104 divide 594256?
True
Does 14 divide 669123?
False
Is 1379425 a multiple of 115?
True
Does 60 divide 900720?
True
Is 3958250 a multiple of 142?
True
Is 12 a factor of 16020?
True
Does 353 divide 482173?
False
Is 92 a factor of 5573176?
True
Is 3175818 a multiple of 358?
True
Does 216 divide 124632?
True
Is 57888 even?
True
Is 4296825 a multiple of 65?
True
Is 49 a factor of 582953?
True
Is 850 a factor of 4896000?
True
Is 11 a factor of 241939?
False
Does 412 divide 3246972?
True
Does 84 divide 178496?
False
Does 31 divide 502413?
False
Is 2113439 a multiple of 11?
False
Is 1801620 a multiple of 180?
True
Is 108937 a multiple of 162?
False
Does 7 divide 448035?
True
Does 10 divide 2984580?
True
Does 3 divide 46222?
False
Is 18 a factor of 128178?
True
Is 44 a factor of 363616?
True
Is 16585 a multiple of 9?
False
Is 6803771 a multiple of 133?
False
Is 177 a factor of 237534?
True
Does 26 divide 703482?
True
Does 217 divide 1657880?
True
Is 228 a factor of 158004?
True
Is 8 a factor of 1200487?
False
Is 8 a factor of 4384120?
True
Is 8839 a multiple of 5?
False
Does 24 divide 108120?
True
Does 7 divide 392549?
False
Is 23 a factor of 597941?
False
Is 1640894 a multiple of 9?
False
Is 2038564 a multiple of 19?
False
Is 231 a factor of 6699?
True
Is 295 a factor of 2384780?
True
Does 155 divide 37993?
False
Does 95 divide 196460?
True
Does 12 divide 40020?
True
Is 1288 a factor of 11703906?
False
Is 3645347 a multiple of 245?
False
Does 13 divide 130267?
False
Is 14 a factor of 2750706?
True
Is 1181623 a multiple of 89?
False
Is 8 a factor of 97760?
True
Is 140448 a multiple of 84?
True
Is 27 a factor of 2855871?
True
Is 112868 a multiple of 8?
False
Is 14 a factor of 336952?
True
Is 154640 a multiple of 5?
True
Is 1160997 a multiple of 10?
False
Does 96 divide 195832?
False
Is 7814662 a multiple of 1721?
False
Does 139 divide 7256773?
True
Does 90 divide 448855?
False
Is 11 a factor of 149622?
True
Does 31 divide 691920?
True
Does 39 divide 875628?
True
Does 29 divide 2962?
False
Is 86 a factor of 335830?
True
Is 3 a factor of 168692?
False
Is 335402 a multiple of 14?
False
Is 103040 a multiple of 13?
False
Is 5512910 a multiple of 10?
True
Is 62 a factor of 31372?
True
Is 9502554 a multiple of 31?
True
Is 802368 a multiple of 504?
True
Is 2486099 a multiple of 83?
True
Is 275 a factor of 3669491?
False
Does 32 divide 189088?
True
Is 94 a factor of 39762?
True
Is 9 a factor of 13493079?
True
Is 37130 a multiple of 4?
False
Is 6031758 a multiple of 279?
False
Is 2615973 a multiple of 117?
False
Is 201663 a multiple of 9?
True
Does 206 divide 11242450?
True
Is 136521 a multiple of 33?
True
Is 181 a factor of 1164735?
True
Is 54360 a multiple of 2?
True
Is 256 a factor of 225327?
False
Is 629608 a multiple of 16?
False
Is 52934 a multiple of 19?
True
Is 28 a factor of 200006?
False
Is 68 a factor of 1341637?
False
Does 22 divide 170071?
False
Is 16 a factor of 128900?
False
Is 3313794 a multiple of 814?
True
Does 89 divide 109114?
True
Is 212586 a multiple of 25?
False
Does 2 divide 157906?
True
Is 35 a factor of 647850?
True
Is 234 a factor of 404118?
True
Is 110076 a multiple of 2?
True
Is 107 a factor of 71036?
False
Is 3505093 a multiple of 47?
False
Does 30 divide 78900?
True
Is 79 a factor of 4552138?
True
Does 141 divide 556092?
False
Is 9131298 a multiple of 115?
False
Is 51743 a multiple of 27?
False
Is 7 a factor of 689241?
True
Is 11668 a multiple of 2?
True
Does 9 divide 349061?
False
Is 671677 a multiple of 22?
False
Is 80 a factor of 94880?
True
Is 132795 a multiple of 7?
False
Is 1260 a factor of 3587220?
True
Does 97 divide 845191?
False
Is 5 a factor of 5556?
False
Is 24 a factor of 69833?
False
Is 34 a factor of 37366?
True
Does 1092 divide 1574664?
True
Is 135555 a multiple of 105?
True
Does 89 divide 63457?
True
Does 5 divide 43740?
True
Does 513 divide 209835?
False
Does 92 divide 204368?
False
Is 6 a factor of 4277238?
True
Is 163 a factor of 1518997?
True
Is 7252250 a multiple of 50?
True
Is 39 a factor of 332787?
True
Does 13 divide 455026?
True
Is 13 a factor of 23959182?
True
Is 56 a multiple of 4?
True
Is 424 a factor of 463432?
True
Is 5936058 a multiple of 9?
True
Is 1432977 a multiple of 609?
True
Is 56435 a multiple of 39?
False
Is 518125 a multiple of 16?
False
Does 94 divide 99106?
False
Does 148 divide 8466036?
False
Is 95564 a multiple of 8?
False
Does 4 divide 8549312?
True
Is 334 a factor of 3724?
False
Does 9 divide 1279058?
False
Is 3558188 a multiple of 89?
False
Does 21 divide 11466?
True
Does 79 divide 42897?
True
Does 26 divide 1781721?
False
Does 9 divide 65890?
False
Is 165374 a multiple of 22?
True
Does 13 divide 185718?
True
Is 6504888 a multiple of 548?
False
Does 27 divide 754110?
True
Is 12 a factor of 686892?
True
Is 34 a factor of 30940?
True
Is 1984682 a multiple of 31?
True
Does 21 divide 1168965?
True
Is 107 a factor of 162640?
True
Is 246 a factor of 1148082?
True
Is 4154592 a multiple of 12?
True
Does 138 divide 1401390?
True
Is 15 a factor of 299927?
False
Does 17 divide 54279?
False
Is 302155 a multiple of 7?
True
Does 427 divide 44237?
False
Does 19 divide 3502688?
True
Is 161224 a multiple of 65?
False
Does 23 divide 313420?
False
Is 17 a factor of 261766?
True
Does 32 divide 168320?
True
Does 186 divide 24961?
False
Is 206 a factor of 743510?
False
Is 338300 a multiple of 340?
True
Is 661070 a multiple of 20?
False
Does 3 divide 17815?
False
Does 41 divide 283228?
True
Is 110894 a multiple of 89?
True
Is 1316528 a multiple of 428?
True
Is 45 a factor of 84590?
False
Is 10 a factor of 278955?
False
Is 155 a factor of 111369?
False
Is 565 a factor of 538907?
False
Does 18 divide 265464?
True
Does 12 divide 920136?
True
Is 1503502 a multiple of 77?
True
Is 19814198 a multiple of 456?
False
Is 2471436 a multiple of 99?
True
Is 377 a factor of 3561647?
False
Does 296 divide 12350877?
False
Does 48 divide 46704?
True
Does 10 divide 32984355?
False
Does 21 divide 246708?
True
Is 42913 a multiple of 33?
False
Does 16 divide 860448?
True
Is 95 a factor of 60472?
False
Does 136 divide 1261536?
True
Is 12577435 a multiple of 10?
False
Does 62 divide 2297844?
True
Is 20 a factor of 77838?
False
Does 12 divide 5322?
False
Is 112664 a multiple of 16?
False
Does 354 divide 432942?
True
Does 122 divide 2207140?
False
Is 253269 a multiple of 107?
True
Is 426844 a multiple of 109?
True
Does 83 divide 427865?
True
Is 22 a factor of 199958?
True
Does 33 divide 290670?
False
Does 129 divide 1115463?
True
Is 6 a factor of 14706?
True
Does 91 divide 410264?
False
Is 62 a factor of 249736?
True
Is 50 a factor of 142957?
False
Does 97 divi